alculate the greatest common divisor of 20034 and 2968742.
742
Calculate the highest common factor of 913967 and 6008.
751
What is the greatest common divisor of 33825 and 34980?
165
What is the greatest common factor of 8609 and 1414019641?
8609
What is the highest common factor of 50400383 and 1771?
253
What is the highest common divisor of 1881 and 71994021?
627
What is the greatest common factor of 11468224 and 68968?
296
Calculate the greatest common factor of 17520370 and 140.
70
Calculate the greatest common divisor of 79449 and 5361129.
1119
Calculate the highest common divisor of 5849345 and 265.
265
What is the highest common divisor of 134560 and 229856?
32
Calculate the greatest common factor of 188726126 and 23082.
7694
What is the greatest common factor of 2054 and 12863412?
158
Calculate the greatest common factor of 36384 and 11652.
12
What is the greatest common divisor of 232 and 63617010?
58
Calculate the highest common divisor of 173492 and 193952.
44
What is the highest common factor of 1547 and 17566367?
91
What is the highest common factor of 81192452 and 2497?
2497
What is the greatest common factor of 66 and 122812272?
66
Calculate the highest common factor of 81 and 1199217.
3
Calculate the greatest common divisor of 11822 and 2964355.
23
Calculate the highest common factor of 21214306 and 109026.
1346
Calculate the highest common factor of 2148504339 and 7617.
7617
What is the highest common divisor of 3013696 and 167090?
3038
Calculate the greatest common divisor of 7 and 203638477.
7
What is the greatest common factor of 36870 and 13120?
10
Calculate the highest common divisor of 27668310 and 26220.
690
Calculate the highest common factor of 75483191 and 91.
7
What is the greatest common factor of 24396 and 90388464?
1284
What is the greatest common factor of 1496880 and 1148?
28
What is the highest common divisor of 46 and 316628396?
46
What is the highest common divisor of 43035604 and 430?
86
Calculate the greatest common divisor of 43566 and 38160.
318
What is the greatest common factor of 1649104 and 5168?
16
What is the greatest common factor of 18355517 and 6331?
487
Calculate the greatest common divisor of 4317 and 1315246.
1439
Calculate the greatest common factor of 102 and 69959896.
34
Calculate the greatest common factor of 2599145472 and 10988.
10988
Calculate the greatest common factor of 3098724 and 38766.
426
What is the greatest common divisor of 99600 and 27480?
120
What is the greatest common divisor of 1536339 and 81?
3
What is the greatest common factor of 240 and 100435230?
30
What is the highest common divisor of 627 and 1200520453?
209
What is the greatest common divisor of 9086 and 13734?
14
Calculate the greatest common divisor of 134184 and 17464.
8
What is the highest common factor of 14752220 and 1400?
140
Calculate the highest common divisor of 11419536 and 51684.
876
What is the greatest common factor of 2227 and 8382952?
131
Calculate the highest common factor of 365088878 and 8646.
2882
What is the highest common divisor of 7644 and 6448260?
1092
Calculate the highest common factor of 7 and 50437359.
7
Calculate the greatest common factor of 141372 and 542916.
1188
Calculate the highest common divisor of 8974 and 20105606.
1282
What is the greatest common divisor of 4203 and 35892219?
1401
Calculate the greatest common factor of 1318020 and 1705.
55
Calculate the highest common divisor of 918 and 36531198.
306
Calculate the highest common divisor of 775539937 and 33081.
11027
Calculate the highest common factor of 9697638 and 3084.
1542
What is the highest common factor of 103055736 and 1512?
168
Calculate the greatest common factor of 31150809 and 9108.
207
Calculate the highest common factor of 4819260 and 1370820.
1860
What is the greatest common divisor of 3752815 and 25?
5
What is the highest common divisor of 67093 and 2342847?
169
What is the highest common factor of 485304 and 11388?
876
Calculate the greatest common factor of 109982 and 235712.
254
Calculate the highest common divisor of 11825 and 90335475.
1075
Calculate the greatest common divisor of 20 and 1678200.
20
Calculate the highest common divisor of 1282615 and 213.
71
Calculate the greatest common factor of 453 and 41280531.
453
What is the highest common divisor of 37252 and 1111798?
134
What is the greatest common divisor of 82249 and 6757?
233
Calculate the greatest common factor of 1676 and 1175796124.
1676
Calculate the highest common divisor of 387224 and 160.
8
Calculate the greatest common divisor of 7626 and 227416.
62
Calculate the greatest common factor of 4776 and 3118529.
199
What is the greatest common factor of 44 and 54715848?
44
What is the highest common factor of 6995463 and 501?
501
What is the greatest common divisor of 854 and 5782504?
14
What is the greatest common factor of 281792 and 5824?
448
What is the greatest common factor of 23540 and 9724160?
2140
What is the highest common divisor of 162620 and 517564?
188
What is the highest common divisor of 385411 and 2511301?
299
Calculate the greatest common divisor of 5000 and 2285184.
8
Calculate the highest common factor of 23838 and 397329.
87
What is the highest common divisor of 613557 and 7875?
63
What is the greatest common divisor of 4536789 and 1421?
29
Calculate the greatest common divisor of 160785 and 6749.
397
Calculate the highest common factor of 23236860 and 444.
12
What is the highest common divisor of 11472 and 61848?
24
What is the highest common divisor of 60 and 27421605?
15
What is the highest common factor of 37164 and 10031183?
3097
What is the greatest common divisor of 101997 and 5553?
9
What is the highest common divisor of 2407158 and 4914?
702
What is the highest common factor of 2666412 and 8316?
756
Calculate the greatest common divisor of 8443 and 313.
1
What is the highest common divisor of 208909 and 33701739?
6739
What is the greatest common factor of 1065205 and 95?
5
Calculate the highest common divisor of 3 and 19471.
1
What is the greatest common divisor of 10013 and 63612?
589
Calculate the greatest common factor of 212 and 735319562.
106
What is the greatest common factor of 313 and 10951557?
313
What is the highest common divisor of 1143 and 162027?
9
What is the greatest common divisor of 4963 and 94241698?
709
Calculate the greatest common factor of 87697307 and 1391.
107
Calculate the greatest common divisor of 120 and 42143304.
24
Calculate the highest common factor of 44185246 and 4074.
1358
What is the greatest common divisor of 825 and 7305?
15
What is the greatest common divisor of 2424 and 19276456?
808
What is the highest common factor of 238406427 and 426?
213
Calculate the highest common factor of 644 and 17783002.
46
Calculate the highest common divisor of 36500 and 48877150.
3650
Calculate the greatest common factor of 331390 and 558.
62
What is the greatest common divisor of 61470 and 31340?
10
Calculate the greatest common factor of 131884880 and 5.
5
Calculate the greatest common divisor of 2459 and 10359767.
2459
Calculate the greatest common factor of 298774512 and 72.
72
What is the greatest common factor of 11887710 and 150?
30
What is the highest common divisor of 3832 and 31384?
8
Calculate the greatest common factor of 5609 and 498704.
71
Calculate the greatest common factor of 14467 and 844169.
391
What is the highest common factor of 348 and 507951?
3
What is the highest common factor of 408 and 97984277?
17
Calculate the highest common factor of 193321848 and 1264.
632
What is the greatest common factor of 2562 and 14649?
3
Calculate the highest common factor of 9447 and 521997.
201
Calculate the greatest common divisor of 14056 and 1414.
14
What is the greatest common factor of 1439230 and 9620?
130
What is the highest common divisor of 38525 and 9637?
23
Calculate the greatest common factor of 1136 and 157192.
8
Calculate the highest common factor of 405 and 12494145.
15
What is the greatest common divisor of 1590 and 6205134?
318
What is the greatest common factor of 48667 and 3649?
41
Calculate the highest common divisor of 3449 and 1849577985.
3449
Calculate the highest common factor of 8800973 and 73025.
2921
What is the highest common divisor of 864 and 5325860